?
True
Is 251737 prime?
True
Is 33049 a prime number?
True
Is 2321 composite?
True
Is 53231 composite?
False
Is 7789 a prime number?
True
Is 11617 a prime number?
True
Is 101599 composite?
False
Is 15245 a composite number?
True
Is 12721 a composite number?
False
Is 35171 a prime number?
True
Is 589999 prime?
False
Is 29239 a prime number?
False
Is 43649 a composite number?
False
Is 67111 a composite number?
True
Is 493481 prime?
True
Is 1129603 prime?
True
Is 1073 prime?
False
Is 428971 composite?
True
Is 9277 a prime number?
True
Is 244721 prime?
True
Is 1942 composite?
True
Is 40233 a composite number?
True
Is 951 composite?
True
Is 519193 a composite number?
False
Is 2471377 composite?
False
Is 57119 a prime number?
True
Is 111091 a prime number?
True
Is 1430837 composite?
True
Is 18129 a composite number?
True
Is 13355 composite?
True
Is 4201 a composite number?
False
Is 1131671 composite?
False
Is 15149 a prime number?
True
Is 379079 a composite number?
True
Is 13963 a prime number?
True
Is 2129 a composite number?
False
Is 907 composite?
False
Is 631 prime?
True
Is 3907 a prime number?
True
Is 290083 composite?
False
Is 21445 a prime number?
False
Is 313303 a prime number?
False
Is 18787 composite?
False
Is 60823 composite?
True
Is 340477 a prime number?
True
Is 1250267 a prime number?
False
Is 14087 composite?
False
Is 6709 a prime number?
True
Is 7647 prime?
False
Is 2897 composite?
False
Is 4535 composite?
True
Is 260242 composite?
True
Is 2991133 a composite number?
True
Is 14281 a prime number?
True
Is 406013 a composite number?
False
Is 15121 composite?
False
Is 7321 composite?
False
Is 10594 a prime number?
False
Is 455647 composite?
False
Is 9923 prime?
True
Is 9865 a composite number?
True
Is 198013 a prime number?
True
Is 83833 a composite number?
False
Is 14215 a composite number?
True
Is 57895 a prime number?
False
Is 117989 a prime number?
True
Is 113095 a prime number?
False
Is 1139 a prime number?
False
Is 2543678 a composite number?
True
Is 10973 a prime number?
True
Is 53947 composite?
True
Is 31883 composite?
False
Is 9967 a prime number?
True
Is 310519 a composite number?
True
Is 244941 a composite number?
True
Is 1392357 a prime number?
False
Is 3581 composite?
False
Is 470437 a composite number?
True
Is 67603 a composite number?
True
Is 6007 a prime number?
True
Is 549991 a composite number?
True
Is 82067 a composite number?
False
Is 5777 a prime number?
False
Is 30551 a prime number?
False
Is 17567 composite?
True
Is 3251 a composite number?
False
Is 1199039 prime?
True
Is 685 composite?
True
Is 757 a prime number?
True
Is 3149 a composite number?
True
Is 399197 a prime number?
True
Is 3203 prime?
True
Is 48961 prime?
False
Is 4547 a prime number?
True
Is 81611 prime?
True
Is 35567 composite?
True
Is 1396939 a composite number?
False
Is 720037 prime?
False
Is 2149 a composite number?
True
Is 16423 composite?
True
Is 507061 a composite number?
True
Is 34994 a composite number?
True
Is 651523 prime?
False
Is 20561 a composite number?
True
Is 27613 a prime number?
False
Is 21647 a prime number?
True
Is 591793 composite?
True
Is 149323 prime?
True
Is 589993 a prime number?
True
Is 1857371 composite?
False
Is 188519 a composite number?
False
Is 2722 prime?
False
Is 24151 a composite number?
False
Is 1361 a prime number?
True
Is 120977 prime?
True
Is 313251 prime?
False
Is 570091 a prime number?
True
Is 222422 a prime number?
False
Is 27179 prime?
True
Is 52463 prime?
False
Is 81799 a prime number?
True
Is 1901 composite?
False
Is 23849 a composite number?
True
Is 6677 a composite number?
True
Is 659987 prime?
False
Is 154927 prime?
True
Is 69614 a composite number?
True
Is 64219 a composite number?
True
Is 42503 composite?
True
Is 13918 a prime number?
False
Is 9619 a composite number?
False
Is 73991 composite?
True
Is 57027 a prime number?
False
Is 224027 a composite number?
False
Is 3047437 a composite number?
True
Is 6953 a composite number?
True
Is 34769 a composite number?
True
Is 10921 composite?
True
Is 18457 composite?
False
Is 953 a composite number?
False
Is 204461 prime?
True
Is 581169 prime?
False
Is 63107 a prime number?
False
Is 171617 a composite number?
False
Is 349291 prime?
True
Is 69539 a prime number?
True
Is 1004197 a prime number?
False
Is 13117 a composite number?
True
Is 702607 composite?
False
Is 841741 composite?
False
Is 37243 composite?
False
Is 43481 a prime number?
True
Is 803587 composite?
False
Is 119783 a composite number?
False
Is 488539 a prime number?
True
Is 6401 composite?
True
Is 15761 a composite number?
False
Is 3821 prime?
True
Is 161411 prime?
True
Is 1778291 a composite number?
True
Is 130202 a prime number?
False
Is 38411 a composite number?
True
Is 8885 a composite number?
True
Is 123953 a prime number?
True
Is 342977 composite?
True
Is 85891 a composite number?
True
Is 424007 a prime number?
True
Is 45377 prime?
True
Is 31769 composite?
False
Is 187981 prime?
False
Is 103459 a prime number?
False
Is 960373 a composite number?
False
Is 9023 a prime number?
False
Is 560501 composite?
False
Is 9173 composite?
False
Is 17317 prime?
True
Is 216271 a composite number?
True
Is 70283 prime?
False
Is 5039 a prime number?
True
Is 851 prime?
False
Is 2452393 a composite number?
False
Is 474437 a composite number?
False
Is 37049 a composite number?
False
Is 5297 prime?
True
Is 185899 prime?
False
Is 3924527 a prime number?
True
Is 282197 prime?
False
Is 19409 composite?
True
Is 216311 composite?
True
Is 73517 composite?
False
Is 63221 a composite number?
True
Is 21179 a composite number?
False
Is 1437 prime?
False
Is 1273 a prime number?
False
Is 22823 composite?
True
Is 112823 composite?
True
Is 424285 prime?
False
Is 6127 prime?
False
Is 23783 prime?
False
Is 2497499 a composite number?
False
Is 22433 a composite number?
False
Is 4511 a prime number?
False
Is 676463 composite?
False
Is 32687 composite?
False
Is 30781 composite?
False
Is 1460185 prime?
False
Is 724663 a prime number?
False
Is 2311009 a prime number?
True
Is 680923 a prime number?
False
Is 139333 a prime number?
True
Is 147377 a composite number?
False
Is 20467 prime?
False
Is 4721 a composite number?
False
Is 1982261 a composite number?
True
Is 73663 composite?
True
Is 16859 a prime number?
False
Is 125801 composite?
True
Is 5801 composite?
False
Is 52613 prime?
False
Is 102367 prime?
True
Is 134099 a prime number?
False
Is 462107 composite?
True
Is 415549 prime?
False
Is 541154 a composite number?
True
Is 100039 prime?
False
Is 9491 a composite number?
False
Is 50111 a prime number?
True
Is 52163 a prime number?
True
Is 37463 a prime number?
True
Is 5287 composite?
True
Is 95339 composite?
False
Is 69351 a composite number?
True
Is 5147 a composite number?
False
Is 72859 a composite number?
False
Is 196699 composite?
False
Is 181639 a composite number?
False
Is 14699 a prime number?
True
Is 196283 composite?
True
Is 2567 a composite number?
True
Is 160217 a composite number?
False
Is 50707 composite?
False
Is 21259 a composite number?
True
Is 8353 composite?
False
Is 4397 a composite number?
False
Is 134 composite?
True
Is 2749 composite?
False
Is 116521 a prime number?
False
Is 19171 prime?
False
Is 374161 composite?
True
Is 5789 composite?
True
Is 6007 prime?
True
Is 112643 a prime number?
True
Is 14173 composite?
False
Is 41765 composite?
True
Is 389 a composite number?
False
Is 14341 a composite number?
False
Is 239 a composite number?
False
Is 36403 composite?
True
Is 72533 a composite number?
False
Is 3251 a composite number?
False
Is 3287 a prime number?
False
Is 25997 a prime number?
True
Is 18805 prime?
False
Is 150899 prime?
False
Is 361941 composite?
True
Is 11351 prime?
True
Is 986759 a composite number?
False
Is 2819 a prime number?
True
Is 10391 composite?
False
Is 177127 composite?
False
Is 4955 a prime number?
False
Is 293821 a composite number?
True
Is 39089 a prime number?
True
Is 47693 a composite number?
True
Is 61973 composite?
True
Is 1527 prime?
False
Is 2559239 composite?
True
Is 3158 a prime number?
False
Is 18479 composite?
True
Is 43913 prime?
True
Is 26033 a prime number?
False
Is 258526 a composite number?
True
Is 91997 composite?
False
Is 5645 a prime number?
False
Is 1486259 a prim